7 + -1 + 0 + -7 + -1
-2
What is (9 - (18 + -5)) + (0 - -3)?
-1
Calculate 2 + -1 + 0 + 3.
4
Evaluate -7 + 4 + -5 + 7.
-1
What is the value of -2 + 7 + -4 - (3 - -3)?
-5
-7 + (3 - (-1 - -1))
-4
What is the value of -2 - -6 - -4 - (0 - -9)?
-1
What is the value of 78 + -83 - (-3 - -1)?
-3
What is 1 + 0 + -1 - 2?
-2
0 + -1 + (2 - 0)
1
(1 - 1) + (-7 - (2 - 5))
-4
What is 5 - 8 - (-1 - -2)?
-4
What is 3 + -1 - (5 + (-8 - -6))?
-1
Evaluate (-12 - -16) + -7 + -2.
-5
Evaluate 3 - (-4 + 5) - -3.
5
Calculate -1 + 0 + (-26 - (-6 + -15)).
-6
Calculate (19 - 18) + 1 + 1.
3
Evaluate -6 - (2 - -2 - -1) - -5.
-6
What is the value of -1 + -7 - (4 - 9 - -2)?
-5
(-9 - -2 - 3) + 3 - -3
-4
Calculate 3 + 0 - (9 + -2 + 1).
-5
What is the value of (3 - 5) + (6 - 3)?
1
(49 - 50) + 1 + -4
-4
Calculate 4 + -3 + -2 + (10 - 4).
5
7 + -8 + (0 - (0 - -2))
-3
What is (4 + 0 - 4) + 0?
0
What is the value of 3 + (-2 + -4 - -1)?
-2
Calculate (-12 + 9 - -8) + (-15 - -1).
-9
2 + -2 + -3 + 3
0
What is 0 + 6 + 4 + -9?
1
What is 1 - (0 - 2) - (22 - 20)?
1
What is the value of 0 + -4 + -3 + 8?
1
-8 + 3 + 5 + (3 - 1)
2
Evaluate -7 - (-1 - 4) - -1.
-1
6 + -7 + 9 + -6 + 2
4
Evaluate -8 + (5 - ((-2 - 4) + 8)).
-5
Calculate -3 + 3 - (1 - 1).
0
What is -5 - (-9 - (1 - -4 - 8))?
1
Calculate (-13 - (-7 - 1)) + 6.
1
What is the value of -6 - -7 - (-1 + (1 - 1))?
2
Calculate 4 - (2 - (5 - 3)).
4
What is -2 + 2 + -3 + 4 + 3?
4
-2 - 0 - (2 - 1)
-3
-6 - (-8 - ((2 - -2) + -10))
-4
What is -16 - (-6 + -9 - -4)?
-5
10 + -3 - 13 - -4
-2
What is the value of 8 - ((-1 - 9) + 15)?
3
Evaluate 10 + -7 + 2 - 0.
5
Evaluate 1 - (-3 - ((1 - 10) + 5)).
0
Evaluate 5 + (-8 + -1 - -3).
-1
Calculate 4 + -3 + 4 + (4 - 17).
-8
0 - -2 - (8 + -3)
-3
(-5 - 0 - -1) + -7 + 9
-2
What is the value of -8 - 6 - (-6 + -2)?
-6
Evaluate (3 + 1 - 6) + -3.
-5
Calculate -4 - (4 + -2) - -4.
-2
(-7 - -1) + (-7 - -8) + 3
-2
Evaluate 5 + -5 + -1 - 2.
-3
Calculate (2 - -9 - 2 - 2) + -4.
3
What is (-1 - 4) + 15 + -29 + 18?
-1
Evaluate (-6 - -5) + (-6 - (0 - 2)).
-5
(-6 + 0 - -3) + 3 + -2
-2
What is (7 - -3) + -1 + -3?
6
Evaluate (-9 + 4 - (2 + -2)) + 1.
-4
-2 + 1 + 6 + -2
3
What is 0 + (0 - 1 - (3 - 2))?
-2
Calculate 8 + 5 + (-3 - 7) + 4.
7
What is the value of (-5 - (2 + -10 + 5)) + 2?
0
What is -5 + 2 + 11 + -8 + 4?
4
Evaluate 5 + -27 + 22 - (-1 + 8).
-7
-6 + (4 - (6 + -18 - -7))
3
What is 7 - 5 - (-3 + 6 + -3)?
2
What is -8 + -5 + (1 - -7)?
-5
Calculate -9 - (-5 + -4 - -5) - -1.
-4
(0 - -1) + (0 - (-7 + 6))
2
-2 - (4 - 6) - 0
0
(-3 - 0) + (-2 - -7)
2
What is the value of 2 + (0 - -2) + -3 + 1?
2
Calculate -12 + -6 + 0 + 14.
-4
What is -3 - (4 + -3 - 4)?
0
-1 + (4 - 2) + -4 + -1
-4
Calculate (-4 - 1) + (5 - -2) + 0.
2
Calculate (14 - 13) + 4 + -1 + -4.
0
Calculate (-8 - (-16 - -8)) + -1 + -1.
-2
What is -5 + 0 + 9 + -4 - 2?
-2
What is 4 - (0 - (-4 + -6 + 5))?
-1
Evaluate (-4 - -6) + 2 + (-2 - 1).
1
What is the value of 4 + (4 + -14 - (1 + -2))?
-5
Calculate -2 - ((6 - (3 - 1)) + -10).
4
6 - (6 + -1 + 0)
1
What is 24 + -30 - (1 - 13)?
6
What is -2 - (1 + (-2 - -1))?
-2
Evaluate 0 + 0 + -1 + (12 - 16).
-5
0 + 0 + (-32 - -27)
-5
What is (-3 - -2) + -2 + 8?
5
What is 4 - 1 - (-4 - (-4 + 0))?
3
Calculate 3 + 5 + (-1 - 3).
4
What is -3 + 1 - (-2 - (1 + -4))?
-3
Evaluate -11 + 5 - 2 - (-3 - -2).
-7
Calculate -7 + (17 - (-11 - -23)).
-2
Evaluate 3 - 1 - (-6 + 3 + 0).
5
What is the value of (-6 - 1) + 11 + 0 + -3?
1
Calculate -11 - (-28 - (-9 + 0)).
8
Calculate 1 - -2 - (9 + -5).
-1
(23 + -15 - (-1 - -6)) + 1
4
Calculate 2 - (3 + -6 + 3 - -2).
0
Calculate -1 - -3 - (-3 - -1).
4
What is the value of -2 - (-3 - 0 - -4)?
-3
Evaluate (-21 + 12 - -16) + -7.
0
(-5 - (9 + -19)) + -3 + 1
3
(6 - (0 - (-18 + 6))) + -1
-7
1 + -7 + (2 - 0) + -4
-8
Calculate (3 - (0 + 0)) + -8.
-5
Calculate 0 + -2 - (2 + 2 + -1).
-5
What is 8 + -4 + 14 + -11?
7
Evaluate -4 - (-7 + 11 - 10).
2
Evaluate 0 + -3 + 4 + -1 + 5.
5
Calculate 3 + -2 - (-4 + 4 - -1).
0
What is -10 - (4 - (10 - 0))?
-4
(-1 - 1) + 5 - (-19 - -22)
0
Calculate (-6 - -2) + 2 + (1 - 3).
-4
What is the value of -11 + 22 + -3 - 3?
5
What is 38 + -37 + (-1 - 1)?
-1
0 - (2 - (-4 - -1))
-5
Calculate -6 + -3 + 9 + 1 + -3.
-2
Evaluate 0 - (-13 + 9) - 1.
3
What is -5 + -3 + 0 - -11?
3
What is the value of -8 + (-4 - -8) - (-3 + 2)?
-3
(15 - 13) + 1 + 0
3
7 + (-3 - (3 - (-1 + 4)))
4
What is 52 - 52 - (2 + 0)?
-2
-4 + (2 + -4 - -5)
-1
Evaluate -9 - 0 - (30 + -38).
-1
Calculate 7 + 2 - (-106 - -116).
-1
What is (-1 - 4) + -64 + 64?
-5
Calculate -2 + (-1 - -3) + (0 - 0).
0
-7 + (25 - (-13 + 21))
10
(-2 - -4 - 7) + 8
3
Calculate 2 + 4 + (5 - 6) + -3.
2
Evaluate 0 - (2 + -1 + (47 - 44)).
-4
1 - -1 - (2 - 2)
2
What is the value of -3 + 8 + -5 - (-1 + -3)?
4
Calculate -1 + (-3 - -5) + -3.
-2
What is the value of (0 - -3) + 1 + -8?
-4
Calculate 0 - (3 + -1 + -2 + -5).
5
Evaluate -7 + (13 - 6) - 6.
-6
Calculate -4 + 4 + -4 + -3 - -11.
4
What is the value of 7 + (2 - 1 - (16 + -14))?
6
Evaluate -16 + (-13 + 10 - -11).
-8
What is -2 + (2 + -1 - 0)?
-1
What is (-8 - -7) + (3 - -3) + -3?
2
Evaluate (-3 - -3) + -1 + -3 + 7.
3
10 - -4 - (-26 - -36)
4
What is 5 + (6 - 5) + -11?
-5
Evaluate (2 - (-4 - (-2 + -5))) + -1.
-2
Calculate -4 - (-7 - (-2 + (-3 - -5))).
3
What is the value of (-1 - (-10 + 17)) + 16?
8
Evaluate 0 + 3 - (-19 - -29).
-7
What is 2 - 6 - -12 - 4?
4
2 + -1 - -1 - (11 - 6)
-3
Evaluate -2 - (-5 + 4 + (-7 - -3)).
3
What is the value of (-2 - 3) + -3 + 4?
-4
Evaluate (-5 - (-2 + -5 + 3)) + -2.
-3
Evaluate 2 + -8 - -11 - 5.
0
Evaluate -10 + 3 + 1 + 2.
-4
What is the value of (16 - 4 - 9) + -10?
-7
Evaluate -5 - (5 - 21) - 6.
5
Calculate 30 + -25 + -8 + -1.
-4
Evaluate -1 + -1 + -5 + 2 + 5.
0
Evaluate 5 + -3 + (2 - 0).
4
-7 + (-19 - -26) - (-3 + 0)
3
What is the value of 0 + (-5 - -8) + -4?
-1
Evaluate 0 + 2 - (11 + -4).
-5
45 + -54 - (1 + -7)
-3
What is the value of -7 - -6 - (-7 - -1)?
5
Calculate 2 + 5 + 1 + (4 - 5).
7
Evaluate (5 - 7) + (4 - -1).
3
Evaluate (-3 - -3) + (20 - 18) + 7.
9
What is (-1 - (6 + (-3 - 5))) + 4?
5
Evaluate -31 + 26 + (13 - 1).
7
What is the value of -9 + 6 + 4 + -3?
-2
What is (-11 + 0 + 5 - -3) + -2?
-5
-2 + (-5 - -10) - (0 - 3)
6
Evaluate (-2 - (-4 + (2 - -1))) + -3.
-4
Calculate 3 + -2 + 19 + -17.
3
What is (7 - 10) + 0 + 1 + 6?
4
What is the value of (1 - 3) + -2 + 2 + 3?
1
Evaluate 2 + -5 + 2 - -4.
3
What is the value of 1 + 2 + 6 + -5?
4
What is the value of (-1 + -2 - -6) + 2 + -5?
0
Calculate -8 + 10 + -8 + 8.
2
What is (-1 - -3) + 4 + 2 + -6?
2
(-1 - -4) + -3 - 3 - -3
0
(-7 - 2 - 0) + -1
-10
Evaluate (-5 - -1) + (-1 - 16 - -20).
-1
Evaluate -1 - (-7 + -1) - (2 - -2).
3
Evaluate -4 - (2 + (-17 - -8)).
3
What is the value of -3 + 3 + 2 + -1 + 2?
3
What is the value of 4 - (-5 + (-4 - -5))?
8
What is the value of -1 + -3 - -3 - -1?
0
-11 - (6 + -7 + -7 - -1)
-4
What is (0 - (0 + -1 + -4)) + -3?
2
What is 1 - 1 - (8 + -10)?
2
Evaluate -3 + (5 - 4) + 2.
0
Evaluate 8 + -4 + -7 - (1 + 1).
-5
What is (0 - 4) + 5 + -3?
-2
Evaluate -8 - (-1 + -1 + -1).
-5
What is 5 - (-5 + 6 - (-6 + 1))?
-1
What is (-3 - -11) + 0 - (2 - -2)?
4
What is the value of 34 - 41 - (-5 + 0)?
-2
Evaluate 0 - (0 - 5) - 2.
3
What is (-7 - (-6 - 3) - 1) + 1?
2
What is 0 + 7 + -7 - (4 - 1)?
-3
Evaluate (-11 - -2) + -7 + (10 - -2).
-4
What is -1 + 2 - (-5 + 2)?
4
What is the value of 0 - (0 - (1 - (2 - -7)))?
-8
Calculate (-22 - -29) + (-1 - (1 - -1)).
4
What is the value of -2 + 15 + (10 - 25)?
-2
-3 + -4 + 4 + -2
-5
What is the value of -2 + (1 - 2) + -10 + 8?
-5
What is the value of 0 + (-20 + 14 - (-4 - -2))?
-4
Calculate -25 + 21 + -1 + 5.
0
Calculate 7 - (15 + -19 + (10 - -1)).
0
Evaluate 3 + (-1 - (-2 - -2)) + 2.
4
What is 7 + (-1 - (0 - -1))?
5
Evaluate -5 + (-2 - -2 - 0) + 3.
-2
Evaluate 2 + -10 + 14 + -10.
-4
Calculate 3 - (15 + -5) - (0 + 1).
-8
Evaluate 16 - (1 + 7 - -3).
5
Evaluate (3 - (5 + -4 - -2)) + 3.
3
Evaluate (4 - 4) + -2 + -3.
-5
Calculate 4 + -6 + 4 + -2.
0
Calculate (1 - -2) + 0 + 0 + -2.
1
What is 3 - -1 - (4 + -1) - 3?
-2
Calculate -3 + -3 - (10 - 19).
3
Evaluate 1 + (5 - (2 + (-1 - 0))).
5
-19 + 3 - -4 - -6
-6
-4 + (5 - 2 - -3)
2
What is the value of 1 + 2 + (-13 - -13)?
3
What is the value of 4 + -1 + (-82 - -83)?
4
What is -11 + -1 - (-1 + -12 + 5)?
-4
Evaluate 4 + (-9 - (-3 - -2)).
-4
Wh